late the remainder when 56 is divided by c.
11
Let c = 11 - 15. Let u be 1/2*16/c. What is the remainder when 17 is divided by -2*(-2 - (-1)/u)?
2
Let g = 56 - 0. Calculate the remainder when g is divided by 19.
18
Let t(o) = -2*o + 8. What is the remainder when t(-10) is divided by 10?
8
Suppose -16 = 2*d - 6. Let g be d/2 - (-3)/6. Let y = g - -11. What is the remainder when 16 is divided by y?
7
Suppose 3*y = 2*y + 37. What is the remainder when y is divided by (3 - 2 - -12)*1?
11
Let i = 113 - 90. Calculate the remainder when 42 is divided by i.
19
Let i be (-1 - 3)/(-2) - -3. Suppose 5*n - 50 = -i*r + 160, 0 = -2*n - 8. Calculate the remainder when r is divided by 12.
10
Suppose -3*i - 4*k = -2*k - 113, -49 = -i + 5*k. Let g = i + -14. What is the remainder when g is divided by 13?
12
Let j(s) = -s - 2. Let n be j(-1). Suppose 0*v - 5*v + 50 = 0. What is the remainder when (2/1)/n - -20 is divided by v?
8
Let k(y) = -2*y - 3. Suppose -73 = -2*l - 3. What is the remainder when l is divided by k(-6)?
8
Let p = -1 + -4. What is the remainder when (156/10)/((-2)/p) is divided by 10?
9
Suppose 0 = 5*a + 4*s, -2*a - a - 13 = 5*s. What is the remainder when 5 is divided by a?
1
Suppose 57 - 15 = 3*k. Calculate the remainder when k is divided by 10.
4
Let b = 11 + -6. What is the remainder when 7 is divided by b?
2
Let v = 67 + -34. What is the remainder when v is divided by (2 + 34/(-8))*-4?
6
Let x = -17 + 22. Suppose -x*w + b + 163 = 0, 9*w - 5*b = 4*w + 175. Calculate the remainder when w is divided by 17.
15
Suppose 0 = -2*a - 0*a. Suppose 4*l + 5*v = 32, a = 5*l + v - 22 + 3. Suppose -4*x + 9 = -7. Calculate the remainder when x is divided by l.
1
Let l = -10 - -32. Calculate the remainder when 41 is divided by l.
19
Suppose 0 = 4*r, v + 3*v - 20 = -2*r. What is the remainder when 34/((-3)/(-1) - 1) is divided by v?
2
Suppose -2*m = 5*y - 26, 5*y = 4*m - 0 + 8. Suppose 0 = -3*c - 0*c + y*s + 197, -4*c = 2*s - 248. Calculate the remainder when c is divided by 13.
11
Let l = 11 + -1. Suppose -14 = -2*s + l. Suppose 3*i + i - 142 = 2*h, -h + 31 = i. Calculate the remainder when i is divided by s.
10
What is the remainder when 39 is divided by (2*(-6)/15)/((-2)/20)?
7
What is the remainder when 22 is divided by ((-1 + 0)/1)/(10/(-120))?
10
Suppose -3*z = 3*j - 96, -4*z - 46 = -2*j + 42. What is the remainder when 105 is divided by j?
33
Suppose -11*w + 352 = -3*w. What is the remainder when w is divided by 13?
5
Let u(k) = 4*k - 19. What is the remainder when 104 is divided by u(10)?
20
Let k(x) = x + 24. Let m be k(0). Let r = 34 - m. What is the remainder when 29 is divided by r?
9
Let d be (-1)/(-5) - (-1)/(-5). Suppose -4*k + d*z - 2*z + 12 = 0, 6 = 2*k - 2*z. Calculate the remainder when k is divided by (-24)/(-14) + 4/14.
1
Let b(c) = -c**2 + 8*c - 2. What is the remainder when 27 is divided by b(4)?
13
Let b = 10 - 18. Let w = 18 + b. Suppose -139 = -5*v - t + 4*t, -5*t - 135 = -5*v. What is the remainder when v is divided by w?
9
Let y(a) = 2*a**3 - 4*a**2 + a - 2. Calculate the remainder when 37 is divided by y(3).
18
Suppose -3*d + 4*c + 89 = 0, 5*d + 0*c - 125 = -5*c. What is the remainder when 398/8 + d/(-36) is divided by 17?
15
Suppose 0 = 10*o - 14*o + 44. What is the remainder when 52 is divided by o?
8
Suppose 0 = -6*r + 3*r - 18. Suppose -42 = -3*g + 4*s - 14, 22 = 2*g - s. What is the remainder when ((-92)/6)/(r/9) is divided by g?
11
Let z be 14 + -8 + 3*1. Suppose 81 + z = 5*n. Calculate the remainder when 34 is divided by n.
16
Let u(b) = b + 22. Calculate the remainder when u(-15) is divided by 3.
1
Suppose 0*i + 4 = 4*i. Suppose -2*n + 2*k = 3*k - 33, k + i = 0. Suppose 3*u = 8*u - 245. What is the remainder when u is divided by n?
15
Suppose -26*r = -21*r - 45. What is the remainder when r is divided by 3?
0
Calculate the remainder when 47 is divided by -7 + 7 + 9 + -1.
7
Let x(l) = -9*l - 13. Let d(v) = 8*v + 13. Let u(f) = 6*d(f) + 5*x(f). Calculate the remainder when u(11) is divided by 16.
14
Suppose -k + 27 = -4*o, 2*k + 5*o = 4*k - 42. What is the remainder when k is divided by 4?
3
Suppose 0 = -w - 4, -5*p - 2*w - 8 = -0*w. Suppose p*m - 5*m + 440 = 0. Suppose -5*l = -l - m. Calculate the remainder when l is divided by 8.
6
Calculate the remainder when 12 is divided by 7 + -7 + 14/2.
5
Suppose 3*p - 15 - 42 = 0. What is the remainder when p is divided by 4?
3
Suppose -4*d = 2*z - 106, -41 = -z + 17*d - 13*d. Calculate the remainder when z is divided by -1*1 + 3*9.
23
Let q(x) = x**2 - 2*x + 4. What is the remainder when 19 is divided by q(3)?
5
Suppose y = 2*v + 61, 3*y + 6*v - v = 183. What is the remainder when y is divided by 16?
13
Suppose -t = -2*a - 49, -t + a = 23 - 69. Calculate the remainder when 171 is divided by t.
42
Let m(w) = -2*w**3 - 6*w**2 - 3*w - 6. Let n(c) = -c**3 - c**2 - c - 1. Let s(p) = m(p) - 4*n(p). Calculate the remainder when s(2) is divided by 5.
3
Let b be 6/((-1)/(1/2)). Let u(z) = -z**3 - 3*z**2 - z - 1. Calculate the remainder when 4 is divided by u(b).
0
Suppose -3*p + 3*b + 7 = -5, p = 5*b - 4. Suppose -2*t + 6 - 4 = 0. What is the remainder when -9 + 19 - 0/t is divided by p?
4
Let l = -21 + 30. Let u be (6/(-5))/(l/60). Let o = -3 - u. Calculate the remainder when o is divided by 3.
2
Let v be (-4)/8*-44 + 3. Let f = 44 - v. Calculate the remainder when f is divided by 5.
4
Let a(y) be the second derivative of -3/2*y**3 + 5/2*y**2 - 1/12*y**4 + 2*y + 0. What is the remainder when 25 is divided by a(-8)?
12
Suppose -7*o + 10*o - 51 = 0. Calculate the remainder when o is divided by 4/6 + (-100)/(-12).
8
Let w(z) = 5*z + 5. Let o(i) = -4*i - 4. Let x(b) = -4*o(b) - 3*w(b). What is the remainder when x(7) is divided by (-944)/(-304) + 2/(-19)?
2
Let h = 6 + -6. Let b(k) = -1 - 3*k + 3*k**2 - 1 + h*k**2 + 4. Calculate the remainder when b(3) is divided by 11.
9
Let j(s) = s**3 + 6*s**2 - 9*s - 5. Let a(q) = q**3 + 12*q**2 + q + 5. Let y be a(-12). What is the remainder when 26 is divided by j(y)?
8
Let t(l) = -l - 1. Let y be t(3). Calculate the remainder when 9 is divided by ((-3)/y)/(5/40).
3
Suppose -3*g = -d + 4*d + 9, 3*d + 13 = -5*g. Let p = 26 - g. Let q = p - 19. Calculate the remainder when 26 is divided by q.
8
Suppose 0 = -5*o + 2*b - b + 82, 3*o + 2*b - 44 = 0. What is the remainder when o is divided by ((-2)/3)/((-2)/18)?
4
Let k(q) = 10*q**2 - 5*q. What is the remainder when 199 is divided by k(-2)?
49
Let m = -121 + 128. Let r(x) = 3 - x - 3*x + 6*x. Calculate the remainder when r(5) is divided by m.
6
Let n(d) = -2*d - 7. Let z be n(-6). Let l(y) = 10*y + 3. Calculate the remainder when l(z) is divided by 11.
9
Calculate the remainder when 16 is divided by -1*(-3 - -4) + 7.
4
Let c = 2 - -62. Calculate the remainder when c is divided by 13.
12
Suppose 50 = n - 88. Suppose -p - 2*p + n = 0. Suppose 6*s - p = 5*s. What is the remainder when s is divided by 16?
14
What is the remainder when 23 is divided by (6 - -4)*(-6)/(-5)?
11
Suppose 0 = 2*m + 3*m + 10. Calculate the remainder when (3 - -1)*(-33)/m is divided by 17.
15
Let n = -17 - -68. What is the remainder when n is divided by 28?
23
Let t(w) = -104*w + 5. Let n(f) = 35*f - 2. Let h(m) = 8*n(m) + 3*t(m). What is the remainder when h(-1) is divided by 11?
9
Let n(w) = w + 11. Suppose -4*j + 2*j - v + 2 = 0, -v - 16 = -4*j. Calculate the remainder when n(-5) is divided by j.
0
Let m(d) = -d**2 + 7*d + 7. What is the remainder when 37 is divided by m(6)?
11
Let k(n) = -n**3 + 9*n**2 - 2*n - 4. Let g be 0/(3 + 3/(-3)). Suppose -3*m + 0*m + 24 = g. Calculate the remainder when k(m) is divided by 15.
14
Let n(a) = -a**2 + 12*a - 9. Let l be n(12). Let j(s) = -s**3 - 8*s**2 + 3*s - 13. Calculate the remainder when j(l) is divided by 14.
13
Let g(i) = -5*i + 29. What is the remainder when 10 is divided by g(5)?
2
Let d = 18 - 12. Let x(p) = -p**2 + 14*p - 2. What is the remainder when x(d) is divided by 16?
14
Let o = 7 + -4. Suppose -x + 0*x + 4*b + 5 = 0, -4*x = 3*b - 20. What is the remainder when x - 4/6*-3 is divided by o?
1
Calculate the remainder when 80/15*15/2 is divided by 11.
7
Let r(c) = 4*c**3 + 3*c**2 - 2*c + 2. Let o be r(2). Suppose -2 = -4*i + o. What is the remainder when 31 is divided by i?
9
Let